167 (base 9) to base 5
-1032
What is -527 (base 8) in base 4?
-11113
Convert -8181 (base 10) to base 15.
-2656
What is -3039 (base 11) in base 2?
-111111000011
What is bbd (base 14) in base 8?
4423
Convert 2020120 (base 3) to base 10.
1635
Convert 267a (base 11) to base 4.
312103
What is -10110001010001 (base 2) in base 8?
-26121
What is -1eb (base 16) in base 14?
-271
Convert -1111110101110 (base 2) to base 3.
-102010101
-12d (base 14) to base 13
-153
-29 (base 11) to base 3
-1011
-1034 (base 9) to base 5
-11020
Convert 3302 (base 7) to base 10.
1178
222410 (base 5) to base 4
1322233
What is 11102 (base 3) in base 11?
a9
Convert -b388 (base 15) to base 8.
-112050
352 (base 8) to base 10
234
Convert 41541 (base 6) to base 8.
12745
What is -32b4 (base 12) in base 7?
-22231
2744 (base 8) to base 4
113210
-508 (base 13) to base 3
-1011121
Convert -99b (base 13) to base 14.
-85b
-11040 (base 5) to base 12
-542
Convert 11002 (base 8) to base 2.
1001000000010
1010110011011 (base 2) to base 11
4179
What is -1533 (base 6) in base 9?
-513
Convert 2195 (base 10) to base 5.
32240
What is 33025 (base 10) in base 9?
50264
110010100110 (base 2) to base 16
ca6
What is -1844 (base 9) in base 13?
-850
40b (base 13) to base 16
2af
-2345 (base 12) to base 5
-111231
Convert 14312 (base 5) to base 12.
847
Convert 1037 (base 9) to base 4.
23323
Convert 133370 (base 8) to base 11.
32212
Convert 5001 (base 12) to base 5.
234031
Convert 9390 (base 14) to base 2.
110001101000010
-1615 (base 9) to base 3
-1200112
Convert 56773 (base 8) to base 2.
101110111111011
What is 223304 (base 6) in base 3?
221221011
-7051 (base 11) to base 9
-13764
Convert -119 (base 11) to base 9.
-166
-1011001000 (base 2) to base 5
-10322
What is 227 (base 13) in base 14?
1c7
-212010111 (base 3) to base 5
-1014421
Convert 153233 (base 6) to base 9.
22513
What is -3213 (base 4) in base 13?
-14a
What is -10101111111 (base 2) in base 15?
-63c
Convert 250 (base 14) to base 5.
3322
Convert -700 (base 12) to base 9.
-1340
What is -262 (base 13) in base 8?
-642
What is 2750 (base 11) in base 7?
13251
-104012 (base 5) to base 13
-1865
What is 6272 (base 12) in base 8?
24766
-3919 (base 10) to base 5
-111134
What is 145412 (base 6) in base 9?
21418
Convert 1010101111011 (base 2) to base 8.
12573
What is 1000000001 (base 2) in base 16?
201
What is 263651 (base 7) in base 14?
13dd1
Convert 13301 (base 5) to base 14.
56c
Convert d50 (base 14) to base 5.
40433
What is -21224 (base 7) in base 14?
-1cbb
What is -12db (base 14) in base 9?
-4508
Convert 102011 (base 6) to base 13.
397c
Convert 6223 (base 7) to base 16.
87d
-26535 (base 9) to base 8
-43015
-110000001 (base 2) to base 16
-181
What is -24405 (base 9) in base 8?
-37757
Convert -13b (base 16) to base 7.
-630
Convert 1304 (base 14) to base 16.
d08
Convert -2022221 (base 3) to base 2.
-11010100011
What is -1298 (base 10) in base 15?
-5b8
-16a1 (base 13) to base 15
-ecc
10031300 (base 4) to base 9
25612
223 (base 12) to base 15
160
What is 1322004 (base 5) in base 2?
110011110001000
What is 23222212 (base 4) in base 6?
1005114
What is 10389 (base 12) in base 8?
51431
What is -11010021 (base 3) in base 13?
-14a1
Convert -792 (base 13) to base 3.
-1210020
-171 (base 12) to base 2
-11100101
What is 11304 (base 10) in base 5?
330204
Convert -121110111 (base 3) to base 14.
-4533
-1235 (base 16) to base 14
-19ad
4b4 (base 12) to base 7
2035
What is 12001 (base 3) in base 4?
2020
What is -6156 (base 8) in base 6?
-22422
What is -187 (base 11) in base 7?
-426
-2327 (base 12) to base 8
-7517
-142b (base 15) to base 10
-4316
808 (base 9) to base 14
34c
-2110120100 (base 3) to base 11
-33507
Convert -c2 (base 15) to base 14.
-d0
What is 2464 (base 8) in base 4?
110310
What is 38ad (base 15) in base 16?
2f38
916 (base 11) to base 12
782
Convert -2101 (base 6) to base 8.
-725
Convert -20161 (base 7) to base 9.
-6637
What is 6358 (base 15) in base 10?
21008
1139 (base 11) to base 9
2040
Convert 2e5 (base 16) to base 9.
1013
-1053 (base 8) to base 13
-339
What is 9a2 (base 15) in base 3?
2222122
-1230030 (base 4) to base 8
-15414
What is 1222 (base 5) in base 12?
137
Convert 113152 (base 6) to base 15.
2d78
11b (base 12) to base 16
a7
7083 (base 11) to base 10
9408
-565 (base 9) to base 12
-328
What is -337a (base 14) in base 7?
-35013
What is 1c3a (base 14) in base 11?
3960
Convert -43b8 (base 14) to base 13.
-5450
Convert 5a0a (base 12) to base 8.
23552
-5123 (base 9) to base 10
-3747
What is 60091 (base 10) in base 2?
1110101010111011
-2814 (base 12) to base 10
-4624
What is -1010100011110011 (base 2) in base 7?
-240045
What is 2252 (base 6) in base 8?
1030
What is 6556 (base 8) in base 10?
3438
Convert 4094 (base 11) to base 3.
21110000
-26040 (base 8) to base 13
-51ac
1011101101010 (base 2) to base 12
3576
What is -100100101000101 (base 2) in base 6?
-222501
-12411 (base 10) to base 15
-3a26
-c33 (base 13) to base 9
-2750
466 (base 7) to base 5
1434
What is -23280 (base 9) in base 8?
-36267
Convert 10011111111 (base 2) to base 12.
8a7
What is 83d (base 14) in base 9?
2203
-1f39 (base 16) to base 15
-257d
3831 (base 12) to base 16
18e5
Convert -463 (base 7) to base 16.
-f1
Convert -2447 (base 8) to base 13.
-7a6
What is a03 (base 11) in base 6?
5341
What is ddd (base 14) in base 10?
2743
What is 17713 (base 9) in base 7?
50460
What is 240 (base 13) in base 15?
1b0
Convert a9 (base 12) to base 15.
89
What is c79 (base 14) in base 9?
3332
Convert 10127 (base 8) to base 2.
1000001010111
Convert -20201 (base 4) to base 14.
-2ad
Convert 31689 (base 10) to base 9.
47420
Convert 1100111 (base 3) to base 2.
1111011001
804 (base 11) to base 12
690
-1210222120 (base 3) to base 10
-35709
What is 3045 (base 12) in base 4?
1101311
What is -497 (base 14) in base 5?
-12132
What is -2354 (base 6) in base 11?
-482
72 (base 13) to base 10
93
11033212 (base 4) to base 12
1051a
504 (base 8) to base 12
230
What is -100010111 (base 2) in base 8?
-427
What is 22135 (base 9) in base 14?
54d7
Convert 228b (base 12) to base 13.
19a3
What is 101001 (base 2) in base 9?
45
Convert -230231 (base 4) to base 10.
-2861
What is -1016 (base 12) in base 2?
-11011010010
What is 2c6 (base 16) in base 8?
1306
What is -13351 (base 7) in base 15?
-110d
Convert 1111112 (base 3) to base 7.
3122
What is -1131432 (base 5) in base 13?
-9662
-4c6 (base 14) to base 13
-589
Convert -1100001010101010 (base 2) to base 13.
-198b5
What is -41750 (base 9) in base 6?
-331413
What is -110b1 (base 12) in base 6?
-252341
Convert 1309 (base 10) to base 14.
697
336 (base 14) to base 3
212120
-3020 (base 7) to base 4
-100103
What is 2220 (base 5) in base 4?
10312
Convert -2141 (base 6) to base 2.
-111101101
-45b (base 12) to base 7
-1613
Convert 2222220 (base 5) to base 14.
10340
Convert 12222 (base 3) to base 10.
161
What is 33d3 (base 14) in base 8?
21455
Convert -3296 (base 10) to base 5.
-101141
6714 (base 9) to base 11
37a4
What is -213322 (base 4) in base 6?
-15454
What is -1121044 (base 5) in base 10?
-20149
Convert 1110001001 (base 2) to base 11.
753
What is 5858 (base 9) in base 3?
12221222
What is 1525 (base 6) in base 8?
635
Convert -2620 (base 13) to base 5.
-133214
Convert 10111011110 (base 2) to base 4.
113132
Convert -42114 (base 5) to base 8.
-5340
-2751 (base 9) to base 4
-200113
Convert 113151 (base 6) to base 11.
7398
What is b5a (base 13) in base 8?
3616
Convert 2120120 (base 3) to base 16.
756
Convert -101020220 (base 3) to base 16.
-1d34
What is -42401 (base 5) in base 10?
-2851
What is -3220 (base 5) in base 6?
-2003
What is 41b (base 14) in base 13?
4a3
Convert -2113b (base 12) to base 5.
-2342031
What is 1010001000011 (base 2) in base 4?
1101003
Convert -1202011221 (base 3) to base 10.
-34396
Convert -a9aa (base 12) to base 11.
-13066
-3423 (base 6) to base 15
-38c
Convert -1011111111000 (base 2) to base 7.
-23614
-1214013 (base 5) to base 16
-59e0
What is -3442 (base 9) in base 16?
-9f5
Convert -1352b (base 14) to base 7.
-255654
What is 7b9 (base 16) in base 14?
a13
What is -229 (base 11) in base 12?
-1a9
What is -14033 (base 8) in base 3?
-22110120
-1001110000100110 (base 2) to base 16
-9c26
Convert 122620 (base 7) to base 4.
11201023
What is -1331332 (base 5) in base 7?
-141662
Convert 103